{"id":1755,"date":"2022-09-21T17:23:50","date_gmt":"2022-09-21T15:23:50","guid":{"rendered":"https:\/\/psitwor.pl\/sklep\/?post_type=product&#038;p=1755"},"modified":"2025-06-04T22:35:49","modified_gmt":"2025-06-04T20:35:49","slug":"bioworki-na-odchody-osmiopak-8x15-blekitne","status":"publish","type":"product","link":"https:\/\/psitwor.pl\/sklep\/?product=bioworki-na-odchody-osmiopak-8x15-blekitne","title":{"rendered":"BIOworki na odchody \u2013 o\u015bmiopak, 8&#215;15, b\u0142\u0119kitne"},"content":{"rendered":"<p>Wytrzyma\u0142e i odporne. Pewna ochrona przed nieprzyjemnymi zapachami.<\/p>\n<p>Dbaj o \u015brodowisko razem ze swoim pupilem, aby ka\u017cdy spacer by\u0142 jeszcze lepszy.<\/p>\n<p>Worek powstaje z naturalnych ro\u015blinnych surowc\u00f3w, dlatego po wykorzystaniu biodegraduje w biomas\u0119. W 100% bez plastiku. Do produkcji work\u00f3w nie wykorzystujemy produkt\u00f3w przemys\u0142u naftowego.<\/p>\n<p>Wyprodukowane w Polsce!<\/p>\n<p>Wymiary: 20 X 31 cm<br \/>\nMateria\u0142: biopolimer na bazie skrobi kukurydzianej (zgodny z EN13432)<br \/>\nKolor: zielony<\/p>\n<p>O\u015bmiopak zawiera 8 rolek. W rolce znajduje si\u0119 15 work\u00f3w StarchBag. Razem 120 work\u00f3w w zestawie.<\/p>\n","protected":false},"excerpt":{"rendered":"<p>Nowe opakowanie! Kartonik wykonany z papieru z recyklingu.<\/p>\n<p>Przedstawiamy w\u00a0<strong>100% biodegradowlane i kompostowalne<\/strong>\u00a0worki na psie odchody StarchBag w ekonomicznym zestawie.<\/p>\n<p>O\u015bmiopak zawiera 120 woreczk\u00f3w StarchBag i wystarcza na oko\u0142o 3 miesi\u0105ce ekologicznych spacer\u00f3w z psem.<\/p>\n<p>Najwy\u017cszej jako\u015bci woreczki na psie odchody wykonane s\u0105 z biopolimer\u00f3w na bazie skrobi kukurydzianej posiadaj\u0105cych certyfikat\u00a0<strong>OK Compost HOME<\/strong>.<\/p>\n","protected":false},"featured_media":2240,"template":"","meta":[],"product_brand":[],"product_cat":[23],"product_tag":[],"class_list":{"0":"post-1755","1":"product","2":"type-product","3":"status-publish","4":"has-post-thumbnail","6":"product_cat-akcesoria","8":"first","9":"instock","10":"shipping-taxable","11":"purchasable","12":"product-type-simple"},"yoast_head":"<!-- This site is optimized with the Yoast SEO plugin v27.5 - https:\/\/yoast.com\/product\/yoast-seo-wordpress\/ -->\n<title>BIOworki na odchody \u2013 o\u015bmiopak, 8x15, b\u0142\u0119kitne - Psitw&oacute;r<\/title>\n<meta name=\"robots\" content=\"index, follow, max-snippet:-1, max-image-preview:large, max-video-preview:-1\" \/>\n<link rel=\"canonical\" href=\"https:\/\/psitwor.pl\/sklep\/?product=bioworki-na-odchody-osmiopak-8x15-blekitne\" \/>\n<meta property=\"og:locale\" content=\"pl_PL\" \/>\n<meta property=\"og:type\" content=\"article\" \/>\n<meta property=\"og:title\" content=\"BIOworki na odchody \u2013 o\u015bmiopak, 8x15, b\u0142\u0119kitne - Psitw&oacute;r\" \/>\n<meta property=\"og:description\" content=\"Nowe opakowanie! Kartonik wykonany z papieru z recyklingu.  Przedstawiamy w\u00a0100% biodegradowlane i kompostowalne\u00a0worki na psie odchody StarchBag w ekonomicznym zestawie.  O\u015bmiopak zawiera 120 woreczk\u00f3w StarchBag i wystarcza na oko\u0142o 3 miesi\u0105ce ekologicznych spacer\u00f3w z psem.  Najwy\u017cszej jako\u015bci woreczki na psie odchody wykonane s\u0105 z biopolimer\u00f3w na bazie skrobi kukurydzianej posiadaj\u0105cych certyfikat\u00a0OK Compost HOME.\" \/>\n<meta property=\"og:url\" content=\"https:\/\/psitwor.pl\/sklep\/?product=bioworki-na-odchody-osmiopak-8x15-blekitne\" \/>\n<meta property=\"og:site_name\" content=\"Psitw&oacute;r\" \/>\n<meta property=\"article:publisher\" content=\"https:\/\/www.facebook.com\/psitwor\/\" \/>\n<meta property=\"article:modified_time\" content=\"2025-06-04T20:35:49+00:00\" \/>\n<meta property=\"og:image\" content=\"https:\/\/psitwor.pl\/sklep\/wp-content\/uploads\/2022\/09\/StarchBag-Kompostowalne-worki-na-odchody-niebieskie-120-sztuk.png\" \/>\n\t<meta property=\"og:image:width\" content=\"500\" \/>\n\t<meta property=\"og:image:height\" content=\"500\" \/>\n\t<meta property=\"og:image:type\" content=\"image\/png\" \/>\n<meta name=\"twitter:card\" content=\"summary_large_image\" \/>\n<meta name=\"twitter:label1\" content=\"Szacowany czas czytania\" \/>\n\t<meta name=\"twitter:data1\" content=\"1 minuta\" \/>\n<script type=\"application\/ld+json\" class=\"yoast-schema-graph\">{\"@context\":\"https:\\\/\\\/schema.org\",\"@graph\":[{\"@type\":\"WebPage\",\"@id\":\"https:\\\/\\\/psitwor.pl\\\/sklep\\\/?product=bioworki-na-odchody-osmiopak-8x15-blekitne\",\"url\":\"https:\\\/\\\/psitwor.pl\\\/sklep\\\/?product=bioworki-na-odchody-osmiopak-8x15-blekitne\",\"name\":\"BIOworki na odchody \u2013 o\u015bmiopak, 8x15, b\u0142\u0119kitne - Psitw&oacute;r\",\"isPartOf\":{\"@id\":\"https:\\\/\\\/psitwor.pl\\\/sklep\\\/#website\"},\"primaryImageOfPage\":{\"@id\":\"https:\\\/\\\/psitwor.pl\\\/sklep\\\/?product=bioworki-na-odchody-osmiopak-8x15-blekitne#primaryimage\"},\"image\":{\"@id\":\"https:\\\/\\\/psitwor.pl\\\/sklep\\\/?product=bioworki-na-odchody-osmiopak-8x15-blekitne#primaryimage\"},\"thumbnailUrl\":\"https:\\\/\\\/psitwor.pl\\\/sklep\\\/wp-content\\\/uploads\\\/2022\\\/09\\\/StarchBag-Kompostowalne-worki-na-odchody-niebieskie-120-sztuk.png\",\"datePublished\":\"2022-09-21T15:23:50+00:00\",\"dateModified\":\"2025-06-04T20:35:49+00:00\",\"breadcrumb\":{\"@id\":\"https:\\\/\\\/psitwor.pl\\\/sklep\\\/?product=bioworki-na-odchody-osmiopak-8x15-blekitne#breadcrumb\"},\"inLanguage\":\"pl-PL\",\"potentialAction\":[{\"@type\":\"ReadAction\",\"target\":[\"https:\\\/\\\/psitwor.pl\\\/sklep\\\/?product=bioworki-na-odchody-osmiopak-8x15-blekitne\"]}]},{\"@type\":\"ImageObject\",\"inLanguage\":\"pl-PL\",\"@id\":\"https:\\\/\\\/psitwor.pl\\\/sklep\\\/?product=bioworki-na-odchody-osmiopak-8x15-blekitne#primaryimage\",\"url\":\"https:\\\/\\\/psitwor.pl\\\/sklep\\\/wp-content\\\/uploads\\\/2022\\\/09\\\/StarchBag-Kompostowalne-worki-na-odchody-niebieskie-120-sztuk.png\",\"contentUrl\":\"https:\\\/\\\/psitwor.pl\\\/sklep\\\/wp-content\\\/uploads\\\/2022\\\/09\\\/StarchBag-Kompostowalne-worki-na-odchody-niebieskie-120-sztuk.png\",\"width\":500,\"height\":500},{\"@type\":\"BreadcrumbList\",\"@id\":\"https:\\\/\\\/psitwor.pl\\\/sklep\\\/?product=bioworki-na-odchody-osmiopak-8x15-blekitne#breadcrumb\",\"itemListElement\":[{\"@type\":\"ListItem\",\"position\":1,\"name\":\"Strona g\u0142\u00f3wna\",\"item\":\"https:\\\/\\\/psitwor.pl\\\/sklep\\\/\"},{\"@type\":\"ListItem\",\"position\":2,\"name\":\"Wszystkie produkty\",\"item\":\"https:\\\/\\\/psitwor.pl\\\/sklep\\\/?page_id=287\"},{\"@type\":\"ListItem\",\"position\":3,\"name\":\"BIOworki na odchody \u2013 o\u015bmiopak, 8&#215;15, b\u0142\u0119kitne\"}]},{\"@type\":\"WebSite\",\"@id\":\"https:\\\/\\\/psitwor.pl\\\/sklep\\\/#website\",\"url\":\"https:\\\/\\\/psitwor.pl\\\/sklep\\\/\",\"name\":\"Psitw&oacute;r\",\"description\":\"Kreatywne karmienie zwierz\u0105t\",\"publisher\":{\"@id\":\"https:\\\/\\\/psitwor.pl\\\/sklep\\\/#organization\"},\"potentialAction\":[{\"@type\":\"SearchAction\",\"target\":{\"@type\":\"EntryPoint\",\"urlTemplate\":\"https:\\\/\\\/psitwor.pl\\\/sklep\\\/?s={search_term_string}\"},\"query-input\":{\"@type\":\"PropertyValueSpecification\",\"valueRequired\":true,\"valueName\":\"search_term_string\"}}],\"inLanguage\":\"pl-PL\"},{\"@type\":\"Organization\",\"@id\":\"https:\\\/\\\/psitwor.pl\\\/sklep\\\/#organization\",\"name\":\"Psitw\u00f3r\",\"url\":\"https:\\\/\\\/psitwor.pl\\\/sklep\\\/\",\"logo\":{\"@type\":\"ImageObject\",\"inLanguage\":\"pl-PL\",\"@id\":\"https:\\\/\\\/psitwor.pl\\\/sklep\\\/#\\\/schema\\\/logo\\\/image\\\/\",\"url\":\"https:\\\/\\\/psitwor.pl\\\/sklep\\\/wp-content\\\/uploads\\\/2021\\\/10\\\/cropped-logo-psitwor-wektor-1.png\",\"contentUrl\":\"https:\\\/\\\/psitwor.pl\\\/sklep\\\/wp-content\\\/uploads\\\/2021\\\/10\\\/cropped-logo-psitwor-wektor-1.png\",\"width\":277,\"height\":63,\"caption\":\"Psitw\u00f3r\"},\"image\":{\"@id\":\"https:\\\/\\\/psitwor.pl\\\/sklep\\\/#\\\/schema\\\/logo\\\/image\\\/\"},\"sameAs\":[\"https:\\\/\\\/www.facebook.com\\\/psitwor\\\/\",\"https:\\\/\\\/www.instagram.com\\\/psitwor_pl\\\/\"]}]}<\/script>\n<!-- \/ Yoast SEO plugin. -->","yoast_head_json":{"title":"BIOworki na odchody \u2013 o\u015bmiopak, 8x15, b\u0142\u0119kitne - Psitw&oacute;r","robots":{"index":"index","follow":"follow","max-snippet":"max-snippet:-1","max-image-preview":"max-image-preview:large","max-video-preview":"max-video-preview:-1"},"canonical":"https:\/\/psitwor.pl\/sklep\/?product=bioworki-na-odchody-osmiopak-8x15-blekitne","og_locale":"pl_PL","og_type":"article","og_title":"BIOworki na odchody \u2013 o\u015bmiopak, 8x15, b\u0142\u0119kitne - Psitw&oacute;r","og_description":"Nowe opakowanie! Kartonik wykonany z papieru z recyklingu.  Przedstawiamy w\u00a0100% biodegradowlane i kompostowalne\u00a0worki na psie odchody StarchBag w ekonomicznym zestawie.  O\u015bmiopak zawiera 120 woreczk\u00f3w StarchBag i wystarcza na oko\u0142o 3 miesi\u0105ce ekologicznych spacer\u00f3w z psem.  Najwy\u017cszej jako\u015bci woreczki na psie odchody wykonane s\u0105 z biopolimer\u00f3w na bazie skrobi kukurydzianej posiadaj\u0105cych certyfikat\u00a0OK Compost HOME.","og_url":"https:\/\/psitwor.pl\/sklep\/?product=bioworki-na-odchody-osmiopak-8x15-blekitne","og_site_name":"Psitw&oacute;r","article_publisher":"https:\/\/www.facebook.com\/psitwor\/","article_modified_time":"2025-06-04T20:35:49+00:00","og_image":[{"width":500,"height":500,"url":"https:\/\/psitwor.pl\/sklep\/wp-content\/uploads\/2022\/09\/StarchBag-Kompostowalne-worki-na-odchody-niebieskie-120-sztuk.png","type":"image\/png"}],"twitter_card":"summary_large_image","twitter_misc":{"Szacowany czas czytania":"1 minuta"},"schema":{"@context":"https:\/\/schema.org","@graph":[{"@type":"WebPage","@id":"https:\/\/psitwor.pl\/sklep\/?product=bioworki-na-odchody-osmiopak-8x15-blekitne","url":"https:\/\/psitwor.pl\/sklep\/?product=bioworki-na-odchody-osmiopak-8x15-blekitne","name":"BIOworki na odchody \u2013 o\u015bmiopak, 8x15, b\u0142\u0119kitne - Psitw&oacute;r","isPartOf":{"@id":"https:\/\/psitwor.pl\/sklep\/#website"},"primaryImageOfPage":{"@id":"https:\/\/psitwor.pl\/sklep\/?product=bioworki-na-odchody-osmiopak-8x15-blekitne#primaryimage"},"image":{"@id":"https:\/\/psitwor.pl\/sklep\/?product=bioworki-na-odchody-osmiopak-8x15-blekitne#primaryimage"},"thumbnailUrl":"https:\/\/psitwor.pl\/sklep\/wp-content\/uploads\/2022\/09\/StarchBag-Kompostowalne-worki-na-odchody-niebieskie-120-sztuk.png","datePublished":"2022-09-21T15:23:50+00:00","dateModified":"2025-06-04T20:35:49+00:00","breadcrumb":{"@id":"https:\/\/psitwor.pl\/sklep\/?product=bioworki-na-odchody-osmiopak-8x15-blekitne#breadcrumb"},"inLanguage":"pl-PL","potentialAction":[{"@type":"ReadAction","target":["https:\/\/psitwor.pl\/sklep\/?product=bioworki-na-odchody-osmiopak-8x15-blekitne"]}]},{"@type":"ImageObject","inLanguage":"pl-PL","@id":"https:\/\/psitwor.pl\/sklep\/?product=bioworki-na-odchody-osmiopak-8x15-blekitne#primaryimage","url":"https:\/\/psitwor.pl\/sklep\/wp-content\/uploads\/2022\/09\/StarchBag-Kompostowalne-worki-na-odchody-niebieskie-120-sztuk.png","contentUrl":"https:\/\/psitwor.pl\/sklep\/wp-content\/uploads\/2022\/09\/StarchBag-Kompostowalne-worki-na-odchody-niebieskie-120-sztuk.png","width":500,"height":500},{"@type":"BreadcrumbList","@id":"https:\/\/psitwor.pl\/sklep\/?product=bioworki-na-odchody-osmiopak-8x15-blekitne#breadcrumb","itemListElement":[{"@type":"ListItem","position":1,"name":"Strona g\u0142\u00f3wna","item":"https:\/\/psitwor.pl\/sklep\/"},{"@type":"ListItem","position":2,"name":"Wszystkie produkty","item":"https:\/\/psitwor.pl\/sklep\/?page_id=287"},{"@type":"ListItem","position":3,"name":"BIOworki na odchody \u2013 o\u015bmiopak, 8&#215;15, b\u0142\u0119kitne"}]},{"@type":"WebSite","@id":"https:\/\/psitwor.pl\/sklep\/#website","url":"https:\/\/psitwor.pl\/sklep\/","name":"Psitw&oacute;r","description":"Kreatywne karmienie zwierz\u0105t","publisher":{"@id":"https:\/\/psitwor.pl\/sklep\/#organization"},"potentialAction":[{"@type":"SearchAction","target":{"@type":"EntryPoint","urlTemplate":"https:\/\/psitwor.pl\/sklep\/?s={search_term_string}"},"query-input":{"@type":"PropertyValueSpecification","valueRequired":true,"valueName":"search_term_string"}}],"inLanguage":"pl-PL"},{"@type":"Organization","@id":"https:\/\/psitwor.pl\/sklep\/#organization","name":"Psitw\u00f3r","url":"https:\/\/psitwor.pl\/sklep\/","logo":{"@type":"ImageObject","inLanguage":"pl-PL","@id":"https:\/\/psitwor.pl\/sklep\/#\/schema\/logo\/image\/","url":"https:\/\/psitwor.pl\/sklep\/wp-content\/uploads\/2021\/10\/cropped-logo-psitwor-wektor-1.png","contentUrl":"https:\/\/psitwor.pl\/sklep\/wp-content\/uploads\/2021\/10\/cropped-logo-psitwor-wektor-1.png","width":277,"height":63,"caption":"Psitw\u00f3r"},"image":{"@id":"https:\/\/psitwor.pl\/sklep\/#\/schema\/logo\/image\/"},"sameAs":["https:\/\/www.facebook.com\/psitwor\/","https:\/\/www.instagram.com\/psitwor_pl\/"]}]}},"jetpack_sharing_enabled":true,"_links":{"self":[{"href":"https:\/\/psitwor.pl\/sklep\/index.php?rest_route=\/wp\/v2\/product\/1755","targetHints":{"allow":["GET"]}}],"collection":[{"href":"https:\/\/psitwor.pl\/sklep\/index.php?rest_route=\/wp\/v2\/product"}],"about":[{"href":"https:\/\/psitwor.pl\/sklep\/index.php?rest_route=\/wp\/v2\/types\/product"}],"wp:featuredmedia":[{"embeddable":true,"href":"https:\/\/psitwor.pl\/sklep\/index.php?rest_route=\/wp\/v2\/media\/2240"}],"wp:attachment":[{"href":"https:\/\/psitwor.pl\/sklep\/index.php?rest_route=%2Fwp%2Fv2%2Fmedia&parent=1755"}],"wp:term":[{"taxonomy":"product_brand","embeddable":true,"href":"https:\/\/psitwor.pl\/sklep\/index.php?rest_route=%2Fwp%2Fv2%2Fproduct_brand&post=1755"},{"taxonomy":"product_cat","embeddable":true,"href":"https:\/\/psitwor.pl\/sklep\/index.php?rest_route=%2Fwp%2Fv2%2Fproduct_cat&post=1755"},{"taxonomy":"product_tag","embeddable":true,"href":"https:\/\/psitwor.pl\/sklep\/index.php?rest_route=%2Fwp%2Fv2%2Fproduct_tag&post=1755"}],"curies":[{"name":"wp","href":"https:\/\/api.w.org\/{rel}","templated":true}]}}