{"id":2693,"date":"2023-05-29T16:20:15","date_gmt":"2023-05-29T14:20:15","guid":{"rendered":"https:\/\/psitwor.pl\/sklep\/?post_type=product&#038;p=2693"},"modified":"2025-12-13T18:04:17","modified_gmt":"2025-12-13T17:04:17","slug":"toppl-kieszonka-na-przysmaki-suche-i-mokre","status":"publish","type":"product","link":"https:\/\/psitwor.pl\/sklep\/?product=toppl-kieszonka-na-przysmaki-suche-i-mokre","title":{"rendered":"Toppl, kieszonka na przysmaki suche i mokre"},"content":{"rendered":"","protected":false},"excerpt":{"rendered":"<p>West Paw ZOGOFLEX Kieszonka na przysmaki b\u0105d\u017a mokr\u0105 karm\u0119<\/p>\n<p>S: 8cm x 8cm (szeroko\u015b\u0107 x wysoko\u015b\u0107)<br \/>\nL: 10 cm x 10 cm (szeroko\u015b\u0107 x wysoko\u015b\u0107)<br \/>\nXL: 12 cm x 12 cm (szeroko\u015b\u0107 x wysoko\u015b\u0107)<\/p>\n<ul>\n<li>zabawka na smako\u0142yki ucz\u0105ca logicznego my\u015blenia<\/li>\n<li>spr\u0119\u017cysta, zaokr\u0105glona od spodu<\/li>\n<li>wewn\u0105trz elastyczne elementy utrzymuj\u0105ce smako\u0142yki<\/li>\n<li>stymuluje zabaw\u0119 psa i pobudza jego zainteresowanie<\/li>\n<li>rozmiar du\u017cy i ma\u0142y mo\u017cna \u0142\u0105czy\u0107 w jedn\u0105 zabawk\u0119, co urozmaica dodatkowo zabaw\u0119<\/li>\n<li>mo\u017cliwo\u015b\u0107 mycia w zmywarce do naczy\u0144<\/li>\n<li>obj\u0119ta do\u017cywotni\u0105 gwarancj\u0105 z mo\u017cliwo\u015bci\u0105 jednokrotnej wymiany<\/li>\n<li>wyprodukowana w USA<\/li>\n<\/ul>\n<p>Absolutny hit w\u015br\u00f3d zabawek dla ps\u00f3w, wielokrotny zdobywca nagr\u00f3d na targach zoologicznych.<\/p>\n","protected":false},"featured_media":2703,"template":"","meta":[],"product_brand":[],"product_cat":[46,49,47],"product_tag":[],"class_list":{"0":"post-2693","1":"product","2":"type-product","3":"status-publish","4":"has-post-thumbnail","6":"product_cat-licki-maty","7":"product_cat-outlet","8":"product_cat-zabawki-na-smakolyki","10":"first","11":"instock","12":"sale","13":"shipping-taxable","14":"purchasable","15":"product-type-variable","16":"has-default-attributes"},"yoast_head":"<!-- This site is optimized with the Yoast SEO plugin v27.5 - https:\/\/yoast.com\/product\/yoast-seo-wordpress\/ -->\n<title>Toppl, kieszonka na przysmaki suche i mokre - Psitw&oacute;r<\/title>\n<meta name=\"robots\" content=\"index, follow, max-snippet:-1, max-image-preview:large, max-video-preview:-1\" \/>\n<link rel=\"canonical\" href=\"https:\/\/psitwor.pl\/sklep\/?product=toppl-kieszonka-na-przysmaki-suche-i-mokre\" \/>\n<meta property=\"og:locale\" content=\"pl_PL\" \/>\n<meta property=\"og:type\" content=\"article\" \/>\n<meta property=\"og:title\" content=\"Toppl, kieszonka na przysmaki suche i mokre - Psitw&oacute;r\" \/>\n<meta property=\"og:description\" content=\"West Paw ZOGOFLEX Kieszonka na przysmaki b\u0105d\u017a mokr\u0105 karm\u0119  S: 8cm x 8cm (szeroko\u015b\u0107 x wysoko\u015b\u0107) L: 10 cm x 10 cm (szeroko\u015b\u0107 x wysoko\u015b\u0107) XL: 12 cm x 12 cm (szeroko\u015b\u0107 x wysoko\u015b\u0107)   zabawka na smako\u0142yki ucz\u0105ca logicznego my\u015blenia  spr\u0119\u017cysta, zaokr\u0105glona od spodu  wewn\u0105trz elastyczne elementy utrzymuj\u0105ce smako\u0142yki  stymuluje zabaw\u0119 psa i pobudza jego zainteresowanie  rozmiar du\u017cy i ma\u0142y mo\u017cna \u0142\u0105czy\u0107 w jedn\u0105 zabawk\u0119, co urozmaica dodatkowo zabaw\u0119  mo\u017cliwo\u015b\u0107 mycia w zmywarce do naczy\u0144  obj\u0119ta do\u017cywotni\u0105 gwarancj\u0105 z mo\u017cliwo\u015bci\u0105 jednokrotnej wymiany  wyprodukowana w USA  Absolutny hit w\u015br\u00f3d zabawek dla ps\u00f3w, wielokrotny zdobywca nagr\u00f3d na targach zoologicznych.\" \/>\n<meta property=\"og:url\" content=\"https:\/\/psitwor.pl\/sklep\/?product=toppl-kieszonka-na-przysmaki-suche-i-mokre\" \/>\n<meta property=\"og:site_name\" content=\"Psitw&oacute;r\" \/>\n<meta property=\"article:publisher\" content=\"https:\/\/www.facebook.com\/psitwor\/\" \/>\n<meta property=\"article:modified_time\" content=\"2025-12-13T17:04:17+00:00\" \/>\n<meta property=\"og:image\" content=\"https:\/\/psitwor.pl\/sklep\/wp-content\/uploads\/2023\/05\/wp-zogoflex-mala-kieszonka-na-przysmaki-8-cm-zielo-2.jpg\" \/>\n\t<meta property=\"og:image:width\" content=\"1920\" \/>\n\t<meta property=\"og:image:height\" content=\"1440\" \/>\n\t<meta property=\"og:image:type\" content=\"image\/jpeg\" \/>\n<meta name=\"twitter:card\" content=\"summary_large_image\" \/>\n<meta name=\"twitter:label1\" content=\"Szacowany czas czytania\" \/>\n\t<meta name=\"twitter:data1\" content=\"1 minuta\" \/>\n<script type=\"application\/ld+json\" class=\"yoast-schema-graph\">{\"@context\":\"https:\\\/\\\/schema.org\",\"@graph\":[{\"@type\":\"WebPage\",\"@id\":\"https:\\\/\\\/psitwor.pl\\\/sklep\\\/?product=toppl-kieszonka-na-przysmaki-suche-i-mokre\",\"url\":\"https:\\\/\\\/psitwor.pl\\\/sklep\\\/?product=toppl-kieszonka-na-przysmaki-suche-i-mokre\",\"name\":\"Toppl, kieszonka na przysmaki suche i mokre - Psitw&oacute;r\",\"isPartOf\":{\"@id\":\"https:\\\/\\\/psitwor.pl\\\/sklep\\\/#website\"},\"primaryImageOfPage\":{\"@id\":\"https:\\\/\\\/psitwor.pl\\\/sklep\\\/?product=toppl-kieszonka-na-przysmaki-suche-i-mokre#primaryimage\"},\"image\":{\"@id\":\"https:\\\/\\\/psitwor.pl\\\/sklep\\\/?product=toppl-kieszonka-na-przysmaki-suche-i-mokre#primaryimage\"},\"thumbnailUrl\":\"https:\\\/\\\/psitwor.pl\\\/sklep\\\/wp-content\\\/uploads\\\/2023\\\/05\\\/wp-zogoflex-mala-kieszonka-na-przysmaki-8-cm-zielo-2.jpg\",\"datePublished\":\"2023-05-29T14:20:15+00:00\",\"dateModified\":\"2025-12-13T17:04:17+00:00\",\"breadcrumb\":{\"@id\":\"https:\\\/\\\/psitwor.pl\\\/sklep\\\/?product=toppl-kieszonka-na-przysmaki-suche-i-mokre#breadcrumb\"},\"inLanguage\":\"pl-PL\",\"potentialAction\":[{\"@type\":\"ReadAction\",\"target\":[\"https:\\\/\\\/psitwor.pl\\\/sklep\\\/?product=toppl-kieszonka-na-przysmaki-suche-i-mokre\"]}]},{\"@type\":\"ImageObject\",\"inLanguage\":\"pl-PL\",\"@id\":\"https:\\\/\\\/psitwor.pl\\\/sklep\\\/?product=toppl-kieszonka-na-przysmaki-suche-i-mokre#primaryimage\",\"url\":\"https:\\\/\\\/psitwor.pl\\\/sklep\\\/wp-content\\\/uploads\\\/2023\\\/05\\\/wp-zogoflex-mala-kieszonka-na-przysmaki-8-cm-zielo-2.jpg\",\"contentUrl\":\"https:\\\/\\\/psitwor.pl\\\/sklep\\\/wp-content\\\/uploads\\\/2023\\\/05\\\/wp-zogoflex-mala-kieszonka-na-przysmaki-8-cm-zielo-2.jpg\",\"width\":1920,\"height\":1440},{\"@type\":\"BreadcrumbList\",\"@id\":\"https:\\\/\\\/psitwor.pl\\\/sklep\\\/?product=toppl-kieszonka-na-przysmaki-suche-i-mokre#breadcrumb\",\"itemListElement\":[{\"@type\":\"ListItem\",\"position\":1,\"name\":\"Strona g\u0142\u00f3wna\",\"item\":\"https:\\\/\\\/psitwor.pl\\\/sklep\\\/\"},{\"@type\":\"ListItem\",\"position\":2,\"name\":\"Wszystkie produkty\",\"item\":\"https:\\\/\\\/psitwor.pl\\\/sklep\\\/?page_id=287\"},{\"@type\":\"ListItem\",\"position\":3,\"name\":\"Toppl, kieszonka na przysmaki suche i mokre\"}]},{\"@type\":\"WebSite\",\"@id\":\"https:\\\/\\\/psitwor.pl\\\/sklep\\\/#website\",\"url\":\"https:\\\/\\\/psitwor.pl\\\/sklep\\\/\",\"name\":\"Psitw&oacute;r\",\"description\":\"Kreatywne karmienie zwierz\u0105t\",\"publisher\":{\"@id\":\"https:\\\/\\\/psitwor.pl\\\/sklep\\\/#organization\"},\"potentialAction\":[{\"@type\":\"SearchAction\",\"target\":{\"@type\":\"EntryPoint\",\"urlTemplate\":\"https:\\\/\\\/psitwor.pl\\\/sklep\\\/?s={search_term_string}\"},\"query-input\":{\"@type\":\"PropertyValueSpecification\",\"valueRequired\":true,\"valueName\":\"search_term_string\"}}],\"inLanguage\":\"pl-PL\"},{\"@type\":\"Organization\",\"@id\":\"https:\\\/\\\/psitwor.pl\\\/sklep\\\/#organization\",\"name\":\"Psitw\u00f3r\",\"url\":\"https:\\\/\\\/psitwor.pl\\\/sklep\\\/\",\"logo\":{\"@type\":\"ImageObject\",\"inLanguage\":\"pl-PL\",\"@id\":\"https:\\\/\\\/psitwor.pl\\\/sklep\\\/#\\\/schema\\\/logo\\\/image\\\/\",\"url\":\"https:\\\/\\\/psitwor.pl\\\/sklep\\\/wp-content\\\/uploads\\\/2021\\\/10\\\/cropped-logo-psitwor-wektor-1.png\",\"contentUrl\":\"https:\\\/\\\/psitwor.pl\\\/sklep\\\/wp-content\\\/uploads\\\/2021\\\/10\\\/cropped-logo-psitwor-wektor-1.png\",\"width\":277,\"height\":63,\"caption\":\"Psitw\u00f3r\"},\"image\":{\"@id\":\"https:\\\/\\\/psitwor.pl\\\/sklep\\\/#\\\/schema\\\/logo\\\/image\\\/\"},\"sameAs\":[\"https:\\\/\\\/www.facebook.com\\\/psitwor\\\/\",\"https:\\\/\\\/www.instagram.com\\\/psitwor_pl\\\/\"]}]}<\/script>\n<!-- \/ Yoast SEO plugin. -->","yoast_head_json":{"title":"Toppl, kieszonka na przysmaki suche i mokre - Psitw&oacute;r","robots":{"index":"index","follow":"follow","max-snippet":"max-snippet:-1","max-image-preview":"max-image-preview:large","max-video-preview":"max-video-preview:-1"},"canonical":"https:\/\/psitwor.pl\/sklep\/?product=toppl-kieszonka-na-przysmaki-suche-i-mokre","og_locale":"pl_PL","og_type":"article","og_title":"Toppl, kieszonka na przysmaki suche i mokre - Psitw&oacute;r","og_description":"West Paw ZOGOFLEX Kieszonka na przysmaki b\u0105d\u017a mokr\u0105 karm\u0119  S: 8cm x 8cm (szeroko\u015b\u0107 x wysoko\u015b\u0107) L: 10 cm x 10 cm (szeroko\u015b\u0107 x wysoko\u015b\u0107) XL: 12 cm x 12 cm (szeroko\u015b\u0107 x wysoko\u015b\u0107)   zabawka na smako\u0142yki ucz\u0105ca logicznego my\u015blenia  spr\u0119\u017cysta, zaokr\u0105glona od spodu  wewn\u0105trz elastyczne elementy utrzymuj\u0105ce smako\u0142yki  stymuluje zabaw\u0119 psa i pobudza jego zainteresowanie  rozmiar du\u017cy i ma\u0142y mo\u017cna \u0142\u0105czy\u0107 w jedn\u0105 zabawk\u0119, co urozmaica dodatkowo zabaw\u0119  mo\u017cliwo\u015b\u0107 mycia w zmywarce do naczy\u0144  obj\u0119ta do\u017cywotni\u0105 gwarancj\u0105 z mo\u017cliwo\u015bci\u0105 jednokrotnej wymiany  wyprodukowana w USA  Absolutny hit w\u015br\u00f3d zabawek dla ps\u00f3w, wielokrotny zdobywca nagr\u00f3d na targach zoologicznych.","og_url":"https:\/\/psitwor.pl\/sklep\/?product=toppl-kieszonka-na-przysmaki-suche-i-mokre","og_site_name":"Psitw&oacute;r","article_publisher":"https:\/\/www.facebook.com\/psitwor\/","article_modified_time":"2025-12-13T17:04:17+00:00","og_image":[{"width":1920,"height":1440,"url":"https:\/\/psitwor.pl\/sklep\/wp-content\/uploads\/2023\/05\/wp-zogoflex-mala-kieszonka-na-przysmaki-8-cm-zielo-2.jpg","type":"image\/jpeg"}],"twitter_card":"summary_large_image","twitter_misc":{"Szacowany czas czytania":"1 minuta"},"schema":{"@context":"https:\/\/schema.org","@graph":[{"@type":"WebPage","@id":"https:\/\/psitwor.pl\/sklep\/?product=toppl-kieszonka-na-przysmaki-suche-i-mokre","url":"https:\/\/psitwor.pl\/sklep\/?product=toppl-kieszonka-na-przysmaki-suche-i-mokre","name":"Toppl, kieszonka na przysmaki suche i mokre - Psitw&oacute;r","isPartOf":{"@id":"https:\/\/psitwor.pl\/sklep\/#website"},"primaryImageOfPage":{"@id":"https:\/\/psitwor.pl\/sklep\/?product=toppl-kieszonka-na-przysmaki-suche-i-mokre#primaryimage"},"image":{"@id":"https:\/\/psitwor.pl\/sklep\/?product=toppl-kieszonka-na-przysmaki-suche-i-mokre#primaryimage"},"thumbnailUrl":"https:\/\/psitwor.pl\/sklep\/wp-content\/uploads\/2023\/05\/wp-zogoflex-mala-kieszonka-na-przysmaki-8-cm-zielo-2.jpg","datePublished":"2023-05-29T14:20:15+00:00","dateModified":"2025-12-13T17:04:17+00:00","breadcrumb":{"@id":"https:\/\/psitwor.pl\/sklep\/?product=toppl-kieszonka-na-przysmaki-suche-i-mokre#breadcrumb"},"inLanguage":"pl-PL","potentialAction":[{"@type":"ReadAction","target":["https:\/\/psitwor.pl\/sklep\/?product=toppl-kieszonka-na-przysmaki-suche-i-mokre"]}]},{"@type":"ImageObject","inLanguage":"pl-PL","@id":"https:\/\/psitwor.pl\/sklep\/?product=toppl-kieszonka-na-przysmaki-suche-i-mokre#primaryimage","url":"https:\/\/psitwor.pl\/sklep\/wp-content\/uploads\/2023\/05\/wp-zogoflex-mala-kieszonka-na-przysmaki-8-cm-zielo-2.jpg","contentUrl":"https:\/\/psitwor.pl\/sklep\/wp-content\/uploads\/2023\/05\/wp-zogoflex-mala-kieszonka-na-przysmaki-8-cm-zielo-2.jpg","width":1920,"height":1440},{"@type":"BreadcrumbList","@id":"https:\/\/psitwor.pl\/sklep\/?product=toppl-kieszonka-na-przysmaki-suche-i-mokre#breadcrumb","itemListElement":[{"@type":"ListItem","position":1,"name":"Strona g\u0142\u00f3wna","item":"https:\/\/psitwor.pl\/sklep\/"},{"@type":"ListItem","position":2,"name":"Wszystkie produkty","item":"https:\/\/psitwor.pl\/sklep\/?page_id=287"},{"@type":"ListItem","position":3,"name":"Toppl, kieszonka na przysmaki suche i mokre"}]},{"@type":"WebSite","@id":"https:\/\/psitwor.pl\/sklep\/#website","url":"https:\/\/psitwor.pl\/sklep\/","name":"Psitw&oacute;r","description":"Kreatywne karmienie zwierz\u0105t","publisher":{"@id":"https:\/\/psitwor.pl\/sklep\/#organization"},"potentialAction":[{"@type":"SearchAction","target":{"@type":"EntryPoint","urlTemplate":"https:\/\/psitwor.pl\/sklep\/?s={search_term_string}"},"query-input":{"@type":"PropertyValueSpecification","valueRequired":true,"valueName":"search_term_string"}}],"inLanguage":"pl-PL"},{"@type":"Organization","@id":"https:\/\/psitwor.pl\/sklep\/#organization","name":"Psitw\u00f3r","url":"https:\/\/psitwor.pl\/sklep\/","logo":{"@type":"ImageObject","inLanguage":"pl-PL","@id":"https:\/\/psitwor.pl\/sklep\/#\/schema\/logo\/image\/","url":"https:\/\/psitwor.pl\/sklep\/wp-content\/uploads\/2021\/10\/cropped-logo-psitwor-wektor-1.png","contentUrl":"https:\/\/psitwor.pl\/sklep\/wp-content\/uploads\/2021\/10\/cropped-logo-psitwor-wektor-1.png","width":277,"height":63,"caption":"Psitw\u00f3r"},"image":{"@id":"https:\/\/psitwor.pl\/sklep\/#\/schema\/logo\/image\/"},"sameAs":["https:\/\/www.facebook.com\/psitwor\/","https:\/\/www.instagram.com\/psitwor_pl\/"]}]}},"jetpack_sharing_enabled":true,"_links":{"self":[{"href":"https:\/\/psitwor.pl\/sklep\/index.php?rest_route=\/wp\/v2\/product\/2693","targetHints":{"allow":["GET"]}}],"collection":[{"href":"https:\/\/psitwor.pl\/sklep\/index.php?rest_route=\/wp\/v2\/product"}],"about":[{"href":"https:\/\/psitwor.pl\/sklep\/index.php?rest_route=\/wp\/v2\/types\/product"}],"wp:featuredmedia":[{"embeddable":true,"href":"https:\/\/psitwor.pl\/sklep\/index.php?rest_route=\/wp\/v2\/media\/2703"}],"wp:attachment":[{"href":"https:\/\/psitwor.pl\/sklep\/index.php?rest_route=%2Fwp%2Fv2%2Fmedia&parent=2693"}],"wp:term":[{"taxonomy":"product_brand","embeddable":true,"href":"https:\/\/psitwor.pl\/sklep\/index.php?rest_route=%2Fwp%2Fv2%2Fproduct_brand&post=2693"},{"taxonomy":"product_cat","embeddable":true,"href":"https:\/\/psitwor.pl\/sklep\/index.php?rest_route=%2Fwp%2Fv2%2Fproduct_cat&post=2693"},{"taxonomy":"product_tag","embeddable":true,"href":"https:\/\/psitwor.pl\/sklep\/index.php?rest_route=%2Fwp%2Fv2%2Fproduct_tag&post=2693"}],"curies":[{"name":"wp","href":"https:\/\/api.w.org\/{rel}","templated":true}]}}